ose -x*a = -4 - 35. Let f = a - 6. What are the prime factors of f?
7
Let p(h) = h**3 + 8*h**2 + 7*h. Let w = -1 + -6. Let j be p(w). Suppose -41 = -2*y + 3*o, 17 = y - j*o - 5*o. What are the prime factors of y?
2, 11
Let q be -2 - (51 + (-16)/(-4)). Let s be (76/q)/(4/(-102)). Let j = s + -18. What are the prime factors of j?
2
Let h be -9 - (6 - 1/1). Let f(w) = -1. Let i(s) = 2*s + 27. Let y(z) = -4*f(z) - i(z). List the prime factors of y(h).
5
Suppose 42*i - 85975 = 23*i. What are the prime factors of i?
5, 181
Let c = -32 + 36. Let y(j) = 14*j - 5. What are the prime factors of y(c)?
3, 17
Suppose 11*z = -z + 1680. Suppose -2*v = -3*k + 408, k + 3*v = 5*v + z. What are the prime factors of k?
2, 67
Suppose 47 + 28 = 5*h. Suppose 0*r + 5*r + h = 0. List the prime factors of 18/(r*(-2)/9).
3
Let o(c) be the third derivative of -c**5/60 + c**4/12 - c**3/3 - 5*c**2. Let v be o(5). Let r = v - -34. List the prime factors of r.
17
Let g = -378 - -1079. List the prime factors of g.
701
Suppose -c - 5*c = -24. Suppose -c*z + z = 4*k - 60, 3*z + 3*k = 57. List the prime factors of z.
2
Suppose 43*g + 3036 = 45*g. What are the prime factors of g?
2, 3, 11, 23
Suppose 41*z + 13848 = 49*z. List the prime factors of z.
3, 577
Let f(y) = 2*y + 42. Let x be 152/36 + 6/(-27). Suppose x*s - 8*s = 0. List the prime factors of f(s).
2, 3, 7
Let g(u) be the second derivative of 11*u**5/20 - u**4/6 + u**3/3 - 10*u. What are the prime factors of g(1)?
11
Let q(w) = -w**2 + 10*w + 71. List the prime factors of q(14).
3, 5
Let g = -14 + 16. Let d be (9 - -7) + g/2. Suppose 3*b - d = 31. List the prime factors of b.
2
Let w be 5 + -4*(-2 + 15/6). Suppose -2*n - w*n = 4*j - 449, 5*j = -5*n + 560. What are the prime factors of j?
3, 37
Suppose 288 = 2*y - 3*v - 848, 0 = -5*y - 3*v + 2798. List the prime factors of y.
2, 281
Let m be (4 + -3 + 3)/1. Suppose g + 3*o - 77 = 0, -m*g - 3*o = o - 308. List the prime factors of g.
7, 11
Let q(a) = 5*a - 31. Let m be q(7). Suppose 3*t + 0*t - 9 = 0. Suppose -59 = -f + 2*d, -m*f + 249 = -t*d - 2. What are the prime factors of f?
5, 13
Let d = -1 + 26. List the prime factors of 70/d*-2*50/(-4).
2, 5, 7
Suppose 2*o - 3*o = -778. Let q = -538 + o. What are the prime factors of q?
2, 3, 5
Suppose -10 - 8 = 3*o. Let f be (-1 - 0/(-4))*o. Let g = f + -1. What are the prime factors of g?
5
Suppose 9750 = -3327*h + 3333*h. List the prime factors of h.
5, 13
Let m be 18/45*(-130)/(-2). What are the prime factors of (m/(-65))/(1/(-15))?
2, 3
Suppose 0 = 3*s + n + 3093 - 13694, -5*s + 4*n = -17657. What are the prime factors of s?
3533
Let v(o) = 3*o**2 + 32*o + 324. List the prime factors of v(-15).
3, 173
Suppose 11*j - 7*j = 1256. List the prime factors of j.
2, 157
Let l = -24 + 26. Suppose 2*v + 672 = 4*k - 366, l = 2*v. List the prime factors of k.
2, 5, 13
List the prime factors of ((-10)/(-6 - -1))/(10/2965).
593
Suppose 2*u - 2*s - 5274 = 0, 0 = -u + 16*s - 17*s + 2639. List the prime factors of u.
2, 1319
Let c(w) = 2*w - 19 + w**2 - 3*w - 7. List the prime factors of c(12).
2, 53
Suppose -3*s - 9 = -3*w, s - 2*w + 5 + 1 = 0. Let z be 21/(-7)*(-5)/3. Suppose z*f - 18 = -2*p, 2*f - 4*f = s. List the prime factors of p.
3
Let n be 0 - ((-70)/1 + -1). Let l be (-59*(-1 - -3))/(-2). Suppose -4*a + l = -o, 4*a - n = 5*o - 0*o. What are the prime factors of a?
2, 7
Suppose -3*d + 2*t = -4, d - 2*t - 16 = -5*t. Suppose -d*c = -9*c + 2*n + 77, -4*c - 3*n = -80. What are the prime factors of c?
17
Suppose 6*c - 579 = 15. Let t = c - -95. What are the prime factors of t?
2, 97
Let r be ((-9)/(-12) + 34/8)/1. Suppose 9*f - 890 = -r*w + 12*f, 356 = 2*w + f. List the prime factors of w.
2, 89
Let v = 63 + -41. Suppose -y = o - v - 36, 5*y - 176 = -3*o. What are the prime factors of o?
3, 19
Suppose 2*u - 287 = 3*o, -u = -4*o + u - 386. Let t = -71 - o. What are the prime factors of t?
2, 7
Suppose 7*n + 438 = 2*p + 4*n, -2*p + 2*n + 440 = 0. List the prime factors of p.
2, 3, 37
Let w(i) = 2*i**2 + 2*i - 1. Let o be w(1). Let t(k) = 26*k + 108. Let v be t(-4). Suppose 4*s = -d + o*s + 58, 122 = 2*d + v*s. List the prime factors of d.
5, 11
Let o = -34 - -36. Suppose 4*h - o*h - d - 58 = 0, 0 = -4*d - 16. What are the prime factors of h?
3
Let n(x) be the third derivative of -x**6/120 + x**5/30 + 5*x**4/24 - x**3/3 - x**2. Let w be n(3). Suppose -80 = -w*p + 20. What are the prime factors of p?
5
Let m = 4788 + -2770. List the prime factors of m.
2, 1009
Let t = 831 + -300. Let n = t - 297. List the prime factors of n.
2, 3, 13
Let b be -97 + 3/1 + -3. Let f = b + 158. What are the prime factors of f?
61
Let g(n) = -n. Let q(k) = -k**2 + 12*k - 20. Let t(r) = g(r) + q(r). Let u be t(8). List the prime factors of (5/u)/(1/24).
2, 3, 5
Let p(a) = 92*a**3 + 2*a**2 - 2*a - 2. What are the prime factors of p(2)?
2, 3, 41
Suppose -22269 = -4*x - 6*j + 5*j, 2*x - 11152 = -4*j. List the prime factors of x.
2, 11, 23
Let t(y) be the second derivative of y**5/30 - y**4/6 - 2*y**3/3 + 5*y**2/2 - y. Let c(j) be the first derivative of t(j). What are the prime factors of c(4)?
2, 3
Let g be (-1 + 1)/(-4) - 2. Let x = -2 - g. Suppose 2*z - 42 = o, x = -5*z + 5*o + 96 - 1. What are the prime factors of z?
23
Suppose -13*n = -4*n - 18. Suppose 0 = -2*r + 2*g + 204, -2*r - g = -n*g - 203. List the prime factors of r.
101
Let v(a) = 3*a - 6. Let d be v(3). Let s = d - -20. List the prime factors of s.
23
Suppose 0 = -33*n + 43085 + 16480. List the prime factors of n.
5, 19
Let i(t) = t**3 - 5*t**2 - 3*t - 3. Let r = -2 + 6. Suppose q - 11 = r*z - 3*z, -z + 13 = 3*q. List the prime factors of i(q).
3, 5
Let u(c) = c - 6. Let a be u(11). Suppose a*b = 110 + 130. What are the prime factors of b?
2, 3
Let q = 81 - -165. List the prime factors of q.
2, 3, 41
Let w(j) = 11*j + 34. Let t(z) = -z**3 + 13*z**2 + z - 5. Let l be t(13). What are the prime factors of w(l)?
2, 61
Let s(d) = -1113*d - 35. List the prime factors of s(-1).
2, 7, 11
Let y(p) = -p**3 - 10*p**2 + 5*p - 5. Let s(z) = z**3 - 12*z**2 - 12*z - 24. Let q be s(13). What are the prime factors of y(q)?
61
Let m(b) = 2*b**2 - 6*b - 31. What are the prime factors of m(11)?
5, 29
Let o(p) be the first derivative of p**2/2 - 3*p - 7. Let t be o(5). Suppose -t*x + 5 = -19. List the prime factors of x.
2, 3
Let d = -1 + 3. Suppose -3*p - d*p = -10. List the prime factors of p.
2
Suppose -z + 1 = 0, 3*z + 4256 = v - z. List the prime factors of v.
2, 3, 5, 71
Let q(d) = d**3 + 12*d**2 - 8*d - 1. Let l be q(-12). Suppose -70 - l = -5*f. What are the prime factors of f?
3, 11
Let r(d) = 2*d**2 - 6*d - 3. Let s be r(4). Suppose -s*k = -8*k + 465. What are the prime factors of k?
5, 31
Suppose -30*v + 5*v + 3450 = 0. List the prime factors of v.
2, 3, 23
Let r = -52 + 55. Suppose -228 = -3*w - r*w. List the prime factors of w.
2, 19
Suppose 66*q = 68*q + 16. List the prime factors of 0 - (-3 + 5)*1076/q.
269
Let m(k) = -135*k - 394. List the prime factors of m(-28).
2, 1693
Suppose 4*p = t + 1243, -13*t + 10*t - 297 = -p. What are the prime factors of p?
2, 3, 13
Suppose -3*z - 8*o = -4*o + 18, -2*z - 2*o - 14 = 0. Let t be 3/(-4)*48/1. Let r = z - t. List the prime factors of r.
2, 13
Suppose 0 = -2*b + 5*u + 3182, -2*b + 7*b = -5*u + 7885. List the prime factors of b.
3, 17, 31
Let b = -55 + 67. Suppose 1465 = b*i + 469. What are the prime factors of i?
83
Let c = -52 + 73. Suppose -43 = -2*t + c. What are the prime factors of t?
2
Suppose -x + 3*u + 30 = 0, 2*x - 14*u - 44 = -12*u. Suppose -h + k = h - 21, -69 = -5*h - 3*k. What are the prime factors of x/h*(12 + 0)?
2, 3
Let i be (-40)/6*(-3)/1. Let h(m) = -4*m - 3. Let r be h(2). Let k = i - r. What are the prime factors of k?
31
Suppose -2*y + 12 + 0 = 0. Let s(z) = z**2 - 6*z + 7. Let i be s(y). Let d(f) = -f**2 + 9*f + 7. What are the prime factors of d(i)?
3, 7
What are the prime factors of (-2)/(-5)*(53 - -5912)?
2, 1193
Suppose 6*a - 1146 = -0*a. Suppose -4*g + a = -737. List the prime factors of g.
2, 29
Suppose 5374 = g + 2*g + b, -5*b - 7197 = -4*g. What are the prime factors of g?
11, 163
Suppose 2*j + 9*a = 4*a - 15, j = 4*a + 25. Suppose -223 = j*x - y, 0 = 3*x - 5*y - 10 + 157. Let k = x - -76. What are the prime factors of k?
2
Let a(